{"id":3,"date":"2019-06-07T19:28:37","date_gmt":"2019-06-07T19:28:37","guid":{"rendered":"https:\/\/hailawe.ch\/?page_id=3"},"modified":"2019-07-20T07:13:55","modified_gmt":"2019-07-20T07:13:55","slug":"privacy-policy","status":"publish","type":"page","link":"https:\/\/hailawe.ch\/index.php\/privacy-policy\/","title":{"rendered":"Datenschutz"},"content":{"rendered":"\n<p>Die nachfolgenden Datenschutzerkl\u00e4rung resp. Datenschutzbestimmen regeln die Nutzung der Webseite\u00a0<a href=\"http:\/\/www.digital-b2b-forum.ch\/\">www.hailawe.ch <\/a>(nachfolgend Webseite genannt).<\/p>\n\n\n\n<p>Wir messen dem Datenschutz grosse Bedeutung bei und orientieren uns am Datenschutzgesetz der Schweiz (DSG) sowie an der EU-Datenschutzverordnung (DSGVO). Wir erheben und verarbeiten Ihre personenbezogenen Daten, um Ihnen den Zugang zu der Webseite und deren Informationen anbieten zu k\u00f6nnen. Diese Erkl\u00e4rung beschreibt einerseits den Zweck der Datenerfassung sowie deren Nutzung und andererseits die Auswahl, die Sie im Zusammenhang mit pers\u00f6nlichen Daten haben. Sie erkl\u00e4ren sich durch die Akzeptierung (Checkbox) der Datenschutzerkl\u00e4rung mit der Nutzung und \u00dcbertragung der Daten als einverstanden und anerkennen diese.<\/p>\n\n\n\n<h2 class=\"wp-block-heading\"><strong>Datenhandling<\/strong> <\/h2>\n\n\n\n<p>Die Webseite geh\u00f6rt der Hailawe GmbH mit Sitz in Urtenen-Sch\u00f6nb\u00fchl und dient ausschliesslich zu Informationszwecken des Empf\u00e4ngers resp. des Besuchers. Der Herausgeber \u00fcbernimmt keinerlei Gew\u00e4hr \u00fcber die Aktualit\u00e4t, Korrektheit oder Vollst\u00e4ndigkeit der Informationen und beh\u00e4lt sich vor, Inhalte ohne vorherige Ank\u00fcndigung zu ver\u00e4ndern, zu erg\u00e4nzen oder zu l\u00f6schen. <\/p>\n\n\n\n<h2 class=\"wp-block-heading\"><strong>Datenzugriff &amp; Verwendung<\/strong> <\/h2>\n\n\n\n<p>Die Webseite geh\u00f6rt der Hailawe GmbH mit Sitz in Urtenen-Sch\u00f6nb\u00fchl und dient ausschliesslich zu Informationszwecken des Empf\u00e4ngers resp. des Besuchers. Der Herausgeber \u00fcbernimmt keinerlei Gew\u00e4hr \u00fcber die Aktualit\u00e4t, Korrektheit oder Vollst\u00e4ndigkeit der Informationen und beh\u00e4lt sich vor, Inhalte ohne vorherige Ank\u00fcndigung zu ver\u00e4ndern, zu erg\u00e4nzen oder zu l\u00f6schen. <\/p>\n\n\n\n<p>Bei der Nutzung der Webseite sammelt die Hailawe GmbH automatisch Informationen \u00fcber Sie. Diese Daten werden verwendet, um das Nutzerverhalten und die Interaktion mit uns zu analysieren. Die Daten werden von verschiedenen Devices wie Computer, Tabletts oder Smartphones (keine App) gesammelt. Die erhobenen Informationen werden gegebenenfalls f\u00fcr Marketing- und Kommunikationszwecke sowie Werbemassnahmen verwendet. Zu den Zugriffsdaten geh\u00f6ren Name, URL, Datenmenge, Browsertyp, Browserversion, Betriebssystem, IP-Adresse, Datum und Uhrzeit, Aufenthaltsdauer und der anfragende Provider. Die Daten werden f\u00fcr allf\u00e4llige Verbesserungen des Nutzererlebnisses sowie der Personalisierung verwendet. Die Protokolle werden jedoch ohne Zuordnung zu Ihrer Person oder sonstiger Profilerstellen f\u00fcr statistische Auswertungen gesammelt. Die Daten werden nicht an Dritte weiterverkauft.<\/p>\n\n\n\n<p>Aufgrund dieser Informationen k\u00f6nnen wir allf\u00e4llige personalisierte Inhalte zur Verf\u00fcgung stellen und den Datenverkehr analysieren. Im Newsletter- und Anmeldebereich (von Ihnen get\u00e4tigte Aktionen mit Angaben zu Ihrer Person und Firma), k\u00f6nnen zudem weitere Informationen wie Nutzerverhalten und Interessen durch uns gesammelt werden. Wir verwenden anonyme Daten allein oder in Kombination mit pers\u00f6nlichen Daten. Erhoben werden die Daten per Logfiles (Informationsquellen) sowie \u00fcber Nutzung von Cookies (Textdateien f\u00fcr die Identifizierung von wiederkehrenden Besuchern).<\/p>\n\n\n\n<p>Grunds\u00e4tzlich verwenden wir Ihre personenbezogenen Daten nur innerhalb unseres&nbsp;Unternehmens. Wenn und soweit wir Dritte im Rahmen der Erf\u00fcllung von Vertr\u00e4gen einschalten, erhalten diese personenbezogene Daten nur in dem Umfang, in&nbsp;welchem die \u00dcbermittlung f\u00fcr die entsprechende Leistung erforderlich ist.<br><\/p>\n\n\n\n<h2 class=\"wp-block-heading\"><strong>Kontakt per E-Mail und Formulare<\/strong><\/h2>\n\n\n\n<p>Wir speichern Ihre Angaben (aus Formularen wie z.B. Kontaktformular), wenn Sie mit uns in Kontakt treten. Weitere personenbezogene Daten sichern und nutzen wir nur, wenn Sie dazu einwilligen oder dies ohne besondere Einwilligung gesetzlich zul\u00e4ssig ist. Aus unserer Internetseite besteht die M\u00f6glichkeit einen kostenfreien Newsletter zu abonnieren. Dabei werden bei der Anmeldung zum Newsletter die Daten aus der Eingabemaske an uns \u00fcbermittelt. Zudem werden Datum und die Uhrzeit erhoben. Diese Daten werden ausschliesslich f\u00fcr den Versand des Newsletters verwendet und nicht an Dritte weitergegeben. Das Abonnement k\u00f6nnen Sie jederzeit mit dem entsprechenden Link k\u00fcnden. Das Ausf\u00fcllen resp. das Absenden des Anmeldeformulars hat keine gesetzlichen Verpflichtungen oder Kosten zur Folge. <br><\/p>\n\n\n\n<h2 class=\"wp-block-heading\"><strong>Google Analytics<\/strong><\/h2>\n\n\n\n<p>Auf der Webseite kommt Google Analytics (Webanalysedienst von Google) zum Einsatz. Dieses Tool verwendet Textdateien (Cookies), die auf Ihrem Device gespeichert werden und so eine Analyse der Benutzung erm\u00f6glichen. Die durch Cookies erzeugten Informationen werden in der Regel an einen Server von Google in den USA \u00fcbertragen und dort gespeichert. Sollte die Aktivierung der IP-Anonymisierung auf dieser Webseite aktiv sein, wird Ihre IP-Adresse von Google innerhalb von Mitgliederstaaten der EU oder anderen Vertragsstaaten zuvor gek\u00fcrzt. In unserem Auftrag wird Google diese Informationen verwenden, um die Nutzung der Webseite auszuwerten (Reports, Statistiken, Auswertungen). Die Daten, welche die IP-Adresse via den verwendeten Browser \u00fcbermittelt, werden nicht mit anderen Daten von Google zusammengef\u00fchrt. Sie k\u00f6nnen die Speicherung der Cookies durch eine entsprechende Einstellung im Browser verhindern. Jedoch weisen wir Sie darauf hin, dass in diesen Fall nicht s\u00e4mtliche Funktionen dieser Webseite genutzt werden kann. Sie k\u00f6nnen die Erfassung der durch das Cookie erzeugten und auf ihre\u00a0Nutzung der Website bezogenen Daten (inkl. Ihrer IP-Adresse) an Google sowie die\u00a0Verarbeitung dieser Daten durch Google verhindern, indem Sie das unter dem folgenden\u00a0Link verf\u00fcgbare Browser-Plugin herunterladen und\u00a0installieren:\u00a0<a href=\"http:\/\/tools.google.com\/dlpage\/gaoptout?hl=de\">http:\/\/tools.google.com\/dlpage\/gaoptout?hl=de<\/a>. \u00a0Es besteht zudem die M\u00f6glichkeit weitere Cookies von einer grossen Anzahl an Anbietern direkt zu verwalten, bzw. zu deaktivieren (z.B. http:\/\/www.youronlinechoices.com\/ch-de\/praferenzmanagement). <\/p>\n\n\n\n<h2 class=\"wp-block-heading\"> <strong>Weitere Anbieter resp. Produkte:<\/strong> <\/h2>\n\n\n\n<ul class=\"wp-block-list\"><li>Google Tag Manager (Google Inc., 1600 Amphitheatre Parkway, Mountain View, CA 94043, USA)<\/li><li>MailChimp (The Rocket Science Group, LLC, Atlanta, GA 30308 USA)<\/li><li>Facebook Inc., 1601 S California Ave, Palo Alto, CA 94304, USA<\/li><li>Instagram Inc., 1601 Willow Road, Menlo Park, California 94025, USA<\/li><li>Twitter Inc.,1355 Market Street, Suite 900, San Francisco, CA 94103, USA<\/li><li>LinkedIn Ireland Unlimited Company,&nbsp;Wilton Place, Dublin 2, Irland<\/li><\/ul>\n\n\n\n<h2 class=\"wp-block-heading\"><strong>Social Media Netzwerke<\/strong><\/h2>\n\n\n\n<p>Klicken Sie auf ein Symbol der sozialen Netzwerke, werden Sie automatisch auf das Profil von der Hailawe GmbH weitergeleitet. Um dort die Funktionen des betreffenden Social Media Netzwerkes zu benutzen, m\u00fcssen Sie sich teilweise in Ihr Account einloggen. Es wird eine direkte Verbindung zwischen Ihrem Browser und dem betroffenen Server hergestellt. Dadurch erh\u00e4lt der Anbieter die Information, dass Sie mit der IP-Adresse unsere Webseite besucht und den Link aufgerufen haben. Sollten Sie den Link zu einem Netzwerk aufrufen, k\u00f6nnen die Inhalte unserer Seite mit Ihrem Profil beim Anbieter verlinkt werden. So kann das Netzwerk den Besuch direkt Ihrem Nutzerkonto zuordnen. Wollen Sie dies verhindern, sollen Sie sich ausloggen, bevor Sie entsprechende Links t\u00e4tigen. Eine Zuordnung findet auf jeden Fall statt, wenn Sie sich nach Bet\u00e4tigung des Links beim Netzwerk einloggen. <\/p>\n\n\n\n<h2 class=\"wp-block-heading\"><strong>Datensicherheit &amp; Speicherung<\/strong> <\/h2>\n\n\n\n<p> Wir sch\u00fctzen Ihre Daten nach bestem Wissen und Gewissen mit den notwendigen Tools. Die technischen wie auch organisatorischen notwendigen und geeigneten Massnahmen wurden daf\u00fcr getroffen. Die Daten werden durch den heutigen Technikstandard vor dem Zugriff durch Unbefugte gesch\u00fctzt. Die Hailawe GmbH speichert personenbezogene Daten so lange, wie es f\u00fcr die Zwecke, f\u00fcr die sie verarbeitet werden, erforderlich ist. <\/p>\n\n\n\n<h2 class=\"wp-block-heading\"><strong>Links &amp; Verweise<\/strong> <\/h2>\n\n\n\n<p>Der Herausgeber erkl\u00e4rt daher ausdr\u00fccklich, dass zum Zeitpunkt der Hyperlinksetzung die entsprechenden verlinkten Seiten frei von illegalen Inhalten waren. Der Herausgeber hat keinen Einfluss auf die aktuelle Gestaltung der verlinkten Seiten und deren Inhalte. Wir distanzieren uns ausdr\u00fccklich von allen verlinkten Websites resp. deren Inhalten. Bei gesetzlichen \u00dcbertretungen haftet daher der Anbieter der Seite. <\/p>\n\n\n\n<h2 class=\"wp-block-heading\"><strong>Recht auf Auskunft &amp; L\u00f6schung<\/strong><\/h2>\n\n\n\n<p>Sie haben jederzeit das Recht, Auskunft \u00fcber die Verarbeitung Ihrer personenbezogenen Daten sowie \u00fcber den Zweck der Speicherung zu verlangen und k\u00f6nnen die Berichtigung, Sperrung oder L\u00f6schung beantragen. Der Antrag muss in schriftlicher Form mit Identit\u00e4tsnachweis eingereicht werden. Haben Sie Ihre ausdr\u00fcckliche Einwilligung zu weiteren Datenverarbeitungen abgegeben, k\u00f6nnen Sie diese jederzeit widerrufen. <\/p>\n\n\n\n<h2 class=\"wp-block-heading\"><strong>Informationen<\/strong><\/h2>\n\n\n\n<p>Sie haben jederzeit das Recht, Auskunft \u00fcber die Verarbeitung Ihrer personenbezogenen Daten sowie \u00fcber den Zweck der Speicherung zu verlangen und k\u00f6nnen die Berichtigung, Sperrung oder L\u00f6schung beantragen. Der Antrag muss in schriftlicher Form mit Identit\u00e4tsnachweis eingereicht werden. Haben Sie Ihre ausdr\u00fcckliche Einwilligung zu weiteren Datenverarbeitungen abgegeben, k\u00f6nnen Sie diese jederzeit widerrufen.<\/p>\n\n\n\n<p>F\u00fcr Fragen, Anregungen oder andere Anliegen im Zusammenhang mit den Datenschutzrichtlinien, wenden Sie sich bitte an die Hailawe GmbH, Lerchenweg 25, 3322 Urtenen-Sch\u00f6nb\u00fchl oder via Mail an\u00a0<a href=\"mailto:info@dhailawe.ch\">info@hailawe.ch<\/a>.<\/p>\n\n\n\n<p>Bei einer elektronischen Kontaktaufnahme werden Ihre Daten grunds\u00e4tzlich \u00fcber ein offenes, jedermann zug\u00e4ngliches Netz transportiert. Die Daten k\u00f6nnen somit grenz\u00fcberschreitend \u00fcbermittelt werden, auch wenn sich Absender und Empf\u00e4nger in der Schweiz befinden.\u00a0Die Hailawe GmbH \u00fcbernimmt daher f\u00fcr die Sicherheit Ihrer Daten w\u00e4hrend der \u00dcbermittlung durch das Internet an uns keinerlei Verantwortung oder Haftung.<\/p>\n\n\n\n<h2 class=\"wp-block-heading\"><strong>Urheberrecht<\/strong><\/h2>\n\n\n\n<p>Der gesamte Inhalt der Webseite ist urheberrechtlich gesch\u00fctzt. Das Ausdrucken oder Herunterladen von einzelnen Seiten der Webseite ist f\u00fcr private Zwecke gestattet, sofern die gesetzlich gesch\u00fctzten Bezeichnungen entfernt wurden. Die Text, Bilder oder Videosequenzen sind in unserem Urheberrecht und d\u00fcrfen nicht ohne ausdr\u00fcckliche Bewilligung weiterverwendet werden. <\/p>\n\n\n\n<h2 class=\"wp-block-heading\"><strong>Anwendbares Recht \/ Gerichtsstand<\/strong><\/h2>\n\n\n\n<p>Soweit gesetzlich zul\u00e4ssig, unterstehen alle Rechtsbeziehungen zwischen den Nutzenden des digitalen Auftritts und der Hailawe GmbH dem materiellen Schweizer Recht. Ausschliesslicher Gerichtsstand ist Urtenen-Sch\u00f6nb\u00fchl <\/p>\n","protected":false},"excerpt":{"rendered":"<p>Die nachfolgenden Datenschutzerkl\u00e4rung resp. Datenschutzbestimmen regeln die Nutzung der Webseite\u00a0www.hailawe.ch (nachfolgend Webseite genannt). Wir messen dem Datenschutz grosse Bedeutung bei [&hellip;]<\/p>\n","protected":false},"author":1,"featured_media":0,"parent":0,"menu_order":0,"comment_status":"closed","ping_status":"closed","template":"","meta":{"footnotes":""},"class_list":["post-3","page","type-page","status-publish","hentry"],"yoast_head":"<!-- This site is optimized with the Yoast SEO plugin v27.4 - https:\/\/yoast.com\/product\/yoast-seo-wordpress\/ -->\n<title>Datenschutz -<\/title>\n<meta name=\"robots\" content=\"index, follow, max-snippet:-1, max-image-preview:large, max-video-preview:-1\" \/>\n<link rel=\"canonical\" href=\"https:\/\/hailawe.ch\/index.php\/privacy-policy\/\" \/>\n<meta property=\"og:locale\" content=\"de_DE\" \/>\n<meta property=\"og:type\" content=\"article\" \/>\n<meta property=\"og:title\" content=\"Datenschutz -\" \/>\n<meta property=\"og:description\" content=\"Die nachfolgenden Datenschutzerkl\u00e4rung resp. Datenschutzbestimmen regeln die Nutzung der Webseite\u00a0www.hailawe.ch (nachfolgend Webseite genannt). Wir messen dem Datenschutz grosse Bedeutung bei [&hellip;]\" \/>\n<meta property=\"og:url\" content=\"https:\/\/hailawe.ch\/index.php\/privacy-policy\/\" \/>\n<meta property=\"article:modified_time\" content=\"2019-07-20T07:13:55+00:00\" \/>\n<meta name=\"twitter:card\" content=\"summary_large_image\" \/>\n<meta name=\"twitter:label1\" content=\"Gesch\u00e4tzte Lesezeit\" \/>\n\t<meta name=\"twitter:data1\" content=\"7\u00a0Minuten\" \/>\n<script type=\"application\/ld+json\" class=\"yoast-schema-graph\">{\"@context\":\"https:\\\/\\\/schema.org\",\"@graph\":[{\"@type\":\"WebPage\",\"@id\":\"https:\\\/\\\/hailawe.ch\\\/index.php\\\/privacy-policy\\\/\",\"url\":\"https:\\\/\\\/hailawe.ch\\\/index.php\\\/privacy-policy\\\/\",\"name\":\"Datenschutz -\",\"isPartOf\":{\"@id\":\"https:\\\/\\\/hailawe.ch\\\/#website\"},\"datePublished\":\"2019-06-07T19:28:37+00:00\",\"dateModified\":\"2019-07-20T07:13:55+00:00\",\"breadcrumb\":{\"@id\":\"https:\\\/\\\/hailawe.ch\\\/index.php\\\/privacy-policy\\\/#breadcrumb\"},\"inLanguage\":\"de-CH\",\"potentialAction\":[{\"@type\":\"ReadAction\",\"target\":[\"https:\\\/\\\/hailawe.ch\\\/index.php\\\/privacy-policy\\\/\"]}]},{\"@type\":\"BreadcrumbList\",\"@id\":\"https:\\\/\\\/hailawe.ch\\\/index.php\\\/privacy-policy\\\/#breadcrumb\",\"itemListElement\":[{\"@type\":\"ListItem\",\"position\":1,\"name\":\"Startseite\",\"item\":\"https:\\\/\\\/hailawe.ch\\\/\"},{\"@type\":\"ListItem\",\"position\":2,\"name\":\"Datenschutz\"}]},{\"@type\":\"WebSite\",\"@id\":\"https:\\\/\\\/hailawe.ch\\\/#website\",\"url\":\"https:\\\/\\\/hailawe.ch\\\/\",\"name\":\"\",\"description\":\"\",\"potentialAction\":[{\"@type\":\"SearchAction\",\"target\":{\"@type\":\"EntryPoint\",\"urlTemplate\":\"https:\\\/\\\/hailawe.ch\\\/?s={search_term_string}\"},\"query-input\":{\"@type\":\"PropertyValueSpecification\",\"valueRequired\":true,\"valueName\":\"search_term_string\"}}],\"inLanguage\":\"de-CH\"}]}<\/script>\n<!-- \/ Yoast SEO plugin. -->","yoast_head_json":{"title":"Datenschutz -","robots":{"index":"index","follow":"follow","max-snippet":"max-snippet:-1","max-image-preview":"max-image-preview:large","max-video-preview":"max-video-preview:-1"},"canonical":"https:\/\/hailawe.ch\/index.php\/privacy-policy\/","og_locale":"de_DE","og_type":"article","og_title":"Datenschutz -","og_description":"Die nachfolgenden Datenschutzerkl\u00e4rung resp. Datenschutzbestimmen regeln die Nutzung der Webseite\u00a0www.hailawe.ch (nachfolgend Webseite genannt). Wir messen dem Datenschutz grosse Bedeutung bei [&hellip;]","og_url":"https:\/\/hailawe.ch\/index.php\/privacy-policy\/","article_modified_time":"2019-07-20T07:13:55+00:00","twitter_card":"summary_large_image","twitter_misc":{"Gesch\u00e4tzte Lesezeit":"7\u00a0Minuten"},"schema":{"@context":"https:\/\/schema.org","@graph":[{"@type":"WebPage","@id":"https:\/\/hailawe.ch\/index.php\/privacy-policy\/","url":"https:\/\/hailawe.ch\/index.php\/privacy-policy\/","name":"Datenschutz -","isPartOf":{"@id":"https:\/\/hailawe.ch\/#website"},"datePublished":"2019-06-07T19:28:37+00:00","dateModified":"2019-07-20T07:13:55+00:00","breadcrumb":{"@id":"https:\/\/hailawe.ch\/index.php\/privacy-policy\/#breadcrumb"},"inLanguage":"de-CH","potentialAction":[{"@type":"ReadAction","target":["https:\/\/hailawe.ch\/index.php\/privacy-policy\/"]}]},{"@type":"BreadcrumbList","@id":"https:\/\/hailawe.ch\/index.php\/privacy-policy\/#breadcrumb","itemListElement":[{"@type":"ListItem","position":1,"name":"Startseite","item":"https:\/\/hailawe.ch\/"},{"@type":"ListItem","position":2,"name":"Datenschutz"}]},{"@type":"WebSite","@id":"https:\/\/hailawe.ch\/#website","url":"https:\/\/hailawe.ch\/","name":"","description":"","potentialAction":[{"@type":"SearchAction","target":{"@type":"EntryPoint","urlTemplate":"https:\/\/hailawe.ch\/?s={search_term_string}"},"query-input":{"@type":"PropertyValueSpecification","valueRequired":true,"valueName":"search_term_string"}}],"inLanguage":"de-CH"}]}},"_links":{"self":[{"href":"https:\/\/hailawe.ch\/index.php\/wp-json\/wp\/v2\/pages\/3","targetHints":{"allow":["GET"]}}],"collection":[{"href":"https:\/\/hailawe.ch\/index.php\/wp-json\/wp\/v2\/pages"}],"about":[{"href":"https:\/\/hailawe.ch\/index.php\/wp-json\/wp\/v2\/types\/page"}],"author":[{"embeddable":true,"href":"https:\/\/hailawe.ch\/index.php\/wp-json\/wp\/v2\/users\/1"}],"replies":[{"embeddable":true,"href":"https:\/\/hailawe.ch\/index.php\/wp-json\/wp\/v2\/comments?post=3"}],"version-history":[{"count":6,"href":"https:\/\/hailawe.ch\/index.php\/wp-json\/wp\/v2\/pages\/3\/revisions"}],"predecessor-version":[{"id":728,"href":"https:\/\/hailawe.ch\/index.php\/wp-json\/wp\/v2\/pages\/3\/revisions\/728"}],"wp:attachment":[{"href":"https:\/\/hailawe.ch\/index.php\/wp-json\/wp\/v2\/media?parent=3"}],"curies":[{"name":"wp","href":"https:\/\/api.w.org\/{rel}","templated":true}]}}